a multiple of 3?
False
Is 10923 a multiple of 5?
False
Is 23950 a multiple of 50?
True
Does 8 divide 1608?
True
Does 15 divide 2394?
False
Does 19 divide 867?
False
Does 3 divide 3146?
False
Is 36 a factor of 21600?
True
Is 37521 a multiple of 16?
False
Is 7 a factor of 1180?
False
Is 6 a factor of 340?
False
Is 70779 a multiple of 69?
False
Is 3 a factor of 840?
True
Does 13 divide 1053?
True
Is 169 a factor of 45824?
False
Does 22 divide 13911?
False
Is 12 a factor of 7608?
True
Is 29 a factor of 1191?
False
Is 1159 a multiple of 19?
True
Is 66800 a multiple of 8?
True
Is 11 a factor of 86840?
False
Is 345 a multiple of 3?
True
Is 13 a factor of 494?
True
Is 980 a multiple of 8?
False
Is 13 a factor of 2159?
False
Is 10 a factor of 750?
True
Is 15 a factor of 859?
False
Is 36655 a multiple of 34?
False
Is 10347 a multiple of 3?
True
Is 61 a factor of 549?
True
Is 149 a factor of 33363?
False
Is 8934 a multiple of 40?
False
Is 37 a factor of 6401?
True
Is 691 a multiple of 46?
False
Does 88 divide 2021?
False
Is 147 a multiple of 7?
True
Is 123 a factor of 13228?
False
Is 10 a factor of 20340?
True
Is 1032 a multiple of 43?
True
Does 8 divide 8197?
False
Does 6 divide 294?
True
Is 80 a factor of 4560?
True
Is 7 a factor of 478?
False
Is 107 a factor of 321?
True
Is 12250 a multiple of 25?
True
Is 29 a factor of 2341?
False
Is 36 a factor of 805?
False
Is 40066 a multiple of 319?
False
Is 782 a multiple of 11?
False
Does 9 divide 8663?
False
Is 7290 a multiple of 15?
True
Is 8311 a multiple of 2?
False
Is 10 a factor of 6820?
True
Is 9715 a multiple of 29?
True
Is 5978 a multiple of 14?
True
Does 30 divide 1774?
False
Does 20 divide 7420?
True
Is 176 a factor of 35246?
False
Is 24 a factor of 888?
True
Is 83 a factor of 2407?
True
Does 22 divide 8382?
True
Is 2284 a multiple of 9?
False
Does 114 divide 11893?
False
Is 16343 a multiple of 14?
False
Is 136 a multiple of 7?
False
Is 74 a factor of 4896?
False
Does 14 divide 784?
True
Is 2023 a multiple of 6?
False
Does 25 divide 5425?
True
Is 22 a multiple of 22?
True
Does 36 divide 28152?
True
Is 23 a factor of 4807?
True
Is 31043 a multiple of 37?
True
Does 7 divide 1036?
True
Is 30 a factor of 8834?
False
Does 20 divide 520?
True
Is 37 a factor of 5024?
False
Does 40 divide 721?
False
Does 23 divide 186?
False
Is 28885 a multiple of 53?
True
Does 8 divide 2191?
False
Is 7 a factor of 246?
False
Is 3703 a multiple of 9?
False
Is 3124 a multiple of 22?
True
Is 18 a factor of 7596?
True
Does 8 divide 704?
True
Is 25 a factor of 2300?
True
Does 84 divide 8577?
False
Is 19 a factor of 3135?
True
Is 15 a factor of 3560?
False
Does 15 divide 975?
True
Does 124 divide 9424?
True
Is 13 a factor of 22152?
True
Does 49 divide 3129?
False
Is 10921 a multiple of 67?
True
Is 2 a factor of 6474?
True
Is 8 a factor of 800?
True
Does 55 divide 1385?
False
Is 3 a factor of 29?
False
Does 19 divide 12768?
True
Does 141 divide 4230?
True
Does 7 divide 1086?
False
Is 18 a factor of 67503?
False
Is 19 a factor of 3380?
False
Does 39 divide 16497?
True
Does 77 divide 11847?
False
Does 4 divide 148?
True
Does 30 divide 336?
False
Does 45 divide 2981?
False
Does 3 divide 5742?
True
Is 23184 a multiple of 72?
True
Is 35 a factor of 6207?
False
Is 583 a multiple of 17?
False
Is 2320 a multiple of 34?
False
Is 871 a multiple of 61?
False
Is 10 a multiple of 10?
True
Does 4 divide 2008?
True
Is 32 a factor of 1454?
False
Does 70 divide 2800?
True
Is 238 a multiple of 238?
True
Is 5 a factor of 5943?
False
Does 14 divide 658?
True
Is 239 a multiple of 29?
False
Is 1607 a multiple of 83?
False
Does 13 divide 299?
True
Is 14 a factor of 5544?
True
Does 29 divide 798?
False
Is 6 a factor of 696?
True
Does 11 divide 19239?
True
Does 58 divide 35438?
True
Does 12 divide 396?
True
Is 260 a factor of 77206?
False
Is 115 even?
False
Is 14993 a multiple of 60?
False
Does 61 divide 2501?
True
Is 2147 a multiple of 107?
False
Does 23 divide 6758?
False
Is 149 a factor of 27508?
False
Does 24 divide 24?
True
Does 59 divide 2239?
False
Does 15 divide 810?
True
Is 66 a factor of 2736?
False
Is 513 a multiple of 28?
False
Does 22 divide 314?
False
Does 3 divide 20?
False
Is 4301 a multiple of 17?
True
Is 70 a factor of 1820?
True
Does 29 divide 64523?
False
Does 16 divide 13276?
False
Does 141 divide 16411?
False
Does 9 divide 9315?
True
Does 160 divide 23257?
False
Is 16 a factor of 225?
False
Is 12 a factor of 130838?
False
Is 22 a factor of 81?
False
Does 73 divide 1168?
True
Is 5640 a multiple of 24?
True
Is 11 a factor of 198?
True
Is 46970 a multiple of 110?
True
Does 108 divide 864?
True
Is 19030 a multiple of 55?
True
Is 70 a factor of 11480?
True
Is 1242 a multiple of 23?
True
Does 36 divide 468?
True
Does 21 divide 1239?
True
Does 8 divide 23798?
False
Is 969 a multiple of 5?
False
Is 28 a factor of 4478?
False
Does 31 divide 119?
False
Is 10373 a multiple of 22?
False
Is 1920 a multiple of 48?
True
Does 6 divide 156?
True
Is 15 a factor of 7328?
False
Is 8 a factor of 1757?
False
Does 21 divide 1450?
False
Is 394 a multiple of 5?
False
Is 1540 a multiple of 44?
True
Does 34 divide 5440?
True
Is 9 a factor of 581?
False
Does 20 divide 320?
True
Is 2322 a multiple of 27?
True
Does 14 divide 112?
True
Does 7 divide 385?
True
Does 71 divide 1395?
False
Is 39 a factor of 3826?
False
Is 1719 a multiple of 3?
True
Is 48 a factor of 6240?
True
Is 3 a factor of 9810?
True
Does 9 divide 166?
False
Does 88 divide 5972?
False
Is 1375 a multiple of 11?
True
Is 288 a multiple of 72?
True
Is 11586 a multiple of 94?
False
Is 46410 a multiple of 102?
True
Is 10575 a multiple of 25?
True
Is 11 a factor of 13035?
True
Is 71 a factor of 17327?
False
Is 13 a factor of 338?
True
Is 32 a multiple of 4?
True
Is 70 a factor of 420?
True
Does 44 divide 2508?
True
Is 5184 a multiple of 24?
True
Does 22 divide 7282?
True
Does 102 divide 48042?
True
Is 5576 a multiple of 44?
False
Is 30 a factor of 731?
False
Is 13 a factor of 2899?
True
Is 11232 a multiple of 52?
True
Is 88 a factor of 7957?
False
Is 5223 a multiple of 41?
False
Is 630 a multiple of 30?
True
Is 49 a factor of 3839?
False
Is 17 a factor of 4313?
False
Is 25 a factor of 525?
True
Does 9 divide 13005?
True
Does 35 divide 76694?
False
Does 57 divide 6383?
False
Does 22 divide 10178?
False
Does 29 divide 2987?
True
Is 3 a factor of 37?
False
Does 2 divide 12?
True
Is 10710 a multiple of 63?
True
Is 167 a factor of 19038?
True
Is 14 a factor of 2758?
True
Does 44 divide 660?
True
Does 3 divide 285?
True
Is 6579 a multiple of 104?
False
Does 31 divide 765?
False
Is 8083 a multiple of 137?
True
Does 33 divide 2247?
False
Does 12 divide 1777?
False
Does 68 divide 816?
True
Is 324 a multiple of 81?
True
Is 17138 a multiple of 82?
True
Is 20 a factor of 140?
True
Is 6692 a multiple of 13?
False
Is 7746 a multiple of 36?
False
Is 24821 a multiple of 13?
False
Is 2128 a multiple of 2?
True
Is 14 a factor of 22134?
True
Does 27 divide 135?
True
Is 4 a factor of 15974?
False
Is 34 a factor of 68?
True
Is 13 a factor of 713?
False
Is 66 a factor of 801?
False
Is 8 a factor of 60?
False
Is 1781 a multiple of 11?
False
Is 2 a factor of 367?
False
Is 700 a multiple of 50?
True
Is 7907 a multiple of 18?
False
Is 16356 a multiple of 81?
False
Is 19 a factor of 651?
False
Does 92 divide 644?
True
Is 79 a factor of 79?
True
Is 4 a factor of 23614?
False
Is 644 a multiple of 4?
True
Does 13 divide 2113?
False
Is 11 a factor of 7270?
False
Does 23 divide 61?
False
Does 133 divide 2111?
False
Is 2669 a multiple of 12?
False
Is 23 a factor of 12351?
True
Is 44 a factor of 65911?
False
Is 1654 a multiple of 83?
False
Does 21 divide 2331?
True
Is 12 a factor of 1836?
True
Does 22 divide 3757?
False
Is 13 a factor of 91?
True
Is 197 a factor of 36445?
True
Is 3781 even?
False
Does 21 divide 34226?
False
Is 38 a factor of 2562?
False
Does 26 divide 4316?
True
Is 36 a factor of 828?
True
Is 1342 a multiple of 59?
False
Is 113 a factor of 84976?
True
Is 8 a factor of 224?
True
Does 73 divide 730?
True
Is 4700 a multiple of 5?
True
Does 18 divide 972?
True
Is 1128 a multiple of 12?
True
Is 119399 a multiple of 295?
False
Is 15810 a multiple of 5?
True
Is 56 a factor of 3808?
True
Is 23217 a multiple of 5?
False
Is 1